7 + -11 + 3 + -3.
-4
1 + (15 + -17 - (2 - 1))
-2
What is -3 + -1 + 2 + -1?
-3
Evaluate 3 + -5 + 2 + -4.
-4
Evaluate -1 + (-5 - 0) + 45 + -39.
0
Calculate 9 - 5 - (1 + 0).
3
5 - -18 - (8 - -5)
10
Calculate -1 - 0 - (8 - 2 - 8).
1
What is the value of 5 + (-15 + 3 - (-1 - 3))?
-3
Calculate -2 - -5 - (3 - 0).
0
What is (2 - (5 + -10)) + -12?
-5
Evaluate 0 + -5 - (-17 + 11).
1
What is 2 - -1 - (7 - -2 - 14)?
8
Calculate 1 + -13 - (-1 - -2 - 8).
-5
6 + (0 + -5 + -4 - -6)
3
Evaluate -13 + -1 + 4 + 4.
-6
What is the value of -5 - (-5 + 2) - (-5 - 0)?
3
What is the value of 1 + 0 + -2 + 0?
-1
Evaluate -1 - 4 - ((4 - 10) + 4).
-3
Calculate (16 - (7 - -1)) + -2.
6
-16 - (-12 + -1 + 5)
-8
Evaluate -4 - (-2 + -1 + 3).
-4
Calculate 12 + (-17 - -9 - 2).
2
What is -33 + 31 - (-1 - 3)?
2
Evaluate (-2 - (8 + 9)) + 10.
-9
What is the value of 6 - 1 - (63 - 56) - -12?
10
What is 0 + 1 - (47 - 41)?
-5
Evaluate (-51 - -44) + 0 + 3.
-4
(0 - -5) + (1 - (0 - -1))
5
What is the value of -2 - (0 + -3) - 4?
-3
What is the value of 3 - ((0 + 1 - 0) + -3)?
5
What is the value of -2 - (-7 - -4 - (0 + -3))?
-2
2 + 0 - (3 + 9 + -6)
-4
What is the value of 0 + 2 + -3 + 38 + -40?
-3
Calculate -2 + 2 + (-2 - (-8 + 3)).
3
Calculate 3 + (5 - 10 - -2).
0
What is 10 - (-2 + 7) - (1 + 10)?
-6
What is the value of -9 + 4 - (1 - -1)?
-7
What is the value of (-6 - 1) + 3 + 1 + 2?
-1
Evaluate (2 - 2 - (-5 + 3)) + -4.
-2
-10 + 6 - (-3 + -4 + 1)
2
What is (0 - -4) + 3 + -3 + -3?
1
What is the value of (-1 + 1 - (9 - 10)) + 1?
2
What is the value of -10 + (1 - (-4 - (4 + -3)))?
-4
Evaluate 0 + 1 + (2 - 2).
1
(7 - (-2 + 10)) + 4
3
What is 4 - (-1 + 5 + -4)?
4
What is (0 - 1) + (3 - (0 + 6))?
-4
Evaluate -3 - (2 - 0 - (-3 + 6)).
-2
Calculate -3 - (0 - 1) - (-25 - -25).
-2
Evaluate -3 + -4 + 1 + 1.
-5
What is the value of (-4 - 1) + 3 + -2?
-4
7 - (-1 + 4 - 1)
5
Calculate (-2 - -7 - 5) + -5.
-5
Calculate 2 + (-2 - -2) - (6 + -3).
-1
Calculate (9 + 0 - 8) + 4.
5
What is the value of -13 + (16 - -4 - 13)?
-6
Calculate 0 + -9 + 6 + 0 + 7.
4
What is -5 - (-2 - (-6 - -4 - -1))?
-4
Evaluate (-4 + (-1 - -4) - 6) + 4.
-3
What is the value of -4 + 9 - (-5 + 7 + -4)?
7
(-77 - -82) + -5 + -1 + 0
-1
Evaluate -4 + 3 + 0 - 0.
-1
What is the value of -6 + (7 - 6 - -10)?
5
What is the value of 0 + (-11 - -10) - -4?
3
What is -1 - (-4 - 3) - (-14 - -21)?
-1
What is -5 + -5 + 9 + 1?
0
Calculate -6 + 3 + -2 + -2 + 0.
-7
Evaluate 5 + -5 + 2 + -7.
-5
-10 + 21 + -11 - (-4 + 2)
2
What is the value of 2 + 2 + -5 - (1 - 5)?
3
What is the value of (-50 - -49) + (0 - -5)?
4
Calculate -2 + -2 + (0 + -4 - -18).
10
What is the value of -3 + 1 - (-2 - (6 + -8))?
-2
Evaluate 2 + 3 + -4 + -2 - 3.
-4
Calculate 8 + 0 - (12 - (-11 - -19)).
4
(-3 - 4 - 3 - -4) + 6
0
Evaluate 1 - (5 - 4 - 4).
4
What is 2 + 0 + -6 + (9 - 1)?
4
What is the value of 2 + (0 + 6 - 13)?
-5
Evaluate -1 - (1 + -4) - 4.
-2
Evaluate 1 - ((9 - 4) + -2).
-2
Evaluate -111 - -112 - (-2 - (-1 + 0)).
2
What is the value of 2 + -2 + -1 + 5?
4
Evaluate -6 + -1 + (13 - 13).
-7
What is -12 - ((8 - 3) + -15)?
-2
Evaluate (13 - 12) + 1 + 2 + 1.
5
-3 - (3 + -1 + -4)
-1
What is 3 - (-2 + 3) - 7?
-5
4 + (2 - 5) + 0
1
Evaluate -9 + (5 - (-7 + -4)).
7
What is 0 - (-4 + 5 - 2)?
1
What is the value of (11 - (7 - -2)) + -1 + -4?
-3
(-1 - -6) + 2 + 3 + -9
1
Evaluate (1 + -2 - 1) + 5.
3
Evaluate (5 - 2) + 1 - (19 - 13).
-2
What is 4 - (4 - -7) - -2?
-5
What is 2 - -3 - ((2 - 7) + 8)?
2
Calculate 0 - ((-9 - -13) + -5 + 0).
1
(30 - 26) + 2 + -2 + -4
0
Evaluate -3 + (-4 - (-11 + (0 - -4))).
0
Evaluate (-10 - -20 - 8) + -3.
-1
What is 0 + -2 + -1 + 4?
1
What is 1 + 5 - (-8 - 0 - -9)?
5
What is -2 + 2 + 4 - (-31 - -36)?
-1
What is -3 + (1 - -4) + (0 - 2)?
0
What is -6 - ((4 - (6 + -3)) + -4)?
-3
What is -5 - -6 - (9 + -4 + -1)?
-3
Calculate (-20 - -21) + (-1 - (-6 - -1)).
5
-3 - 2 - (-4 - 1)
0
What is the value of -2 + 7 + -1 - (-43 + 48)?
-1
What is the value of (0 - -1) + -2 - (-5 + 0)?
4
(18 - 12) + -13 + 9
2
(6 - (7 + -12)) + -8
3
-11 + 14 + 0 + -1 + -1
1
What is (-5 - (-1 - 2)) + -3 + 7?
2
What is the value of -2 + 2 + -2 + 1?
-1
What is the value of 0 + (-1 - (0 + -2)) + -4?
-3
What is the value of -4 - (5 + -6 - 3)?
0
Evaluate -6 + (-5 - -11) + -3.
-3
What is -3 - (-9 + -1 + 3 + -2)?
6
What is 4 + (-3 - 1 - -1) - 0?
1
What is the value of 2 + (23 + -25 - (-1 + 2))?
-1
-4 - -2 - (2 - (0 + -1))
-5
What is the value of 3 + (-7 - -2) + -1?
-3
What is the value of -21 + 23 + (-1 - -1 - 0)?
2
What is 3 + -1 - (12 + 13 + -28)?
5
Evaluate (-4 - -7) + (0 - -1).
4
Evaluate 4 - (4 - (-3 - -2)).
-1
-8 - ((-12 - -16) + -6 + 3)
-9
Evaluate -54 + 59 - (-3 + 2 + 1).
5
What is the value of 6 + -2 - 8 - -7?
3
What is -2 + -1 + (-3 - -2) + 0?
-4
Calculate (20 - 6) + -1 + -12.
1
(-2 - -7) + (32 - 32)
5
Evaluate -11 + -4 + 5 + -6 + 9.
-7
58 - 65 - (1 - 0)
-8
-1 + -1 - (-4 - -8 - 5)
-1
4 + -1 - (24 + -8 + -12)
-1
Evaluate -4 + (4 - (-2 - -9) - -3).
-4
What is 3 + (-7 - (1 - 1) - -4)?
0
What is the value of (2 - -2) + (-6 + -8 - -6)?
-4
Evaluate -4 + (-2 - -3) - 2.
-5
Calculate -3 + 3 - (-3 + 3).
0
What is 50 - 54 - (-4 - (-4 - -2))?
-2
Calculate (7 - 0) + (-4 - (-2 - 0)).
5
(3 - 9) + (12 - 0)
6
7 - (6 + (-1 - 1))
3
Calculate 9 + 12 + -25 + 8.
4
What is 4 + 3 + 3 + -10?
0
Calculate 2 - 2 - (3 + 1).
-4
Calculate -3 - (-4 - (-5 + 7)).
3
What is the value of (-8 - (8 - 17)) + -8?
-7
What is 2 + 2 + (9 - 8)?
5
-2 + (11 - 4) + -3 + -3
-1
What is -1 + 4 + 7 + -11?
-1
What is the value of 0 + (-4 - (-1 - (1 + 0)))?
-2
What is the value of -11 + (0 - -7) + (3 - -2)?
1
-4 - (6 + -15 + 14)
-9
What is the value of 5 + (-3 - -3) + 0?
5
(0 - 0 - 0) + 2
2
Evaluate (12 + -11 - (-5 - -1)) + -3.
2
What is (-8 - -2) + -1 + 5 + -2?
-4
What is the value of (3 - -4) + -3 + 0?
4
Evaluate 3 + -2 + -15 - -2 - -5.
-7
What is the value of -6 + (-3 - (-3 + (-1 - 2)))?
-3
What is 0 + (0 - (6 + -1 + -2))?
-3
What is the value of -2 + (0 - (-2 - 0)) - 0?
0
Calculate -9 + 7 - (-1 - 2).
1
-1 + -2 + (1 - -6) + -6
-2
What is the value of -1 + -2 + (-1 - 1)?
-5
What is the value of 3 - (1 + (2 - (-3 + 4)))?
1
Evaluate 7 + -8 + 7 + -5.
1
What is the value of -3 - 3 - -8 - -3?
5
What is 2 + -2 + 0 + 2?
2
What is -2 + -3 + 3 - -5 - -1?
4
0 - -1 - (10 - (19 - 11))
-1
What is the value of -11 - (-10 - -2) - -7?
4
What is the value of 6 - ((-6 - -10) + 5)?
-3
What is the value of 0 + -5 + (-90 - -102)?
7
What is the value of -1 + (-3 - -4) + 0 + 4?
4
Evaluate 8 + 4 + -19 + 3.
-4
What is the value of 2 - (0 - (-11 + 5))?
-4
What is the value of -5 + 1 + 2 - 0 - 3?
-5
What is the value of (-3 + 2 + -1 - -1) + 9?
8
Evaluate 4 - 1 - (22 - (8 + 2)).
-9
What is the value of 4 + -8 - -7 - 0?
3
Evaluate -9 + 12 + -3 - 1.
-1
Evaluate (0 - 3) + (-1 - (0 - 3)).
-1
Calculate 0 - (-7 - 1 - -4).
4
Evaluate 15 - 22 - (-1 - (2 - -2)).
-2
What is 5 + (4 - 1 - 3) - 6?
-1
What is the value of -2 + 1 + 0 - 1?
-2
Evaluate -3 + 2 + -2 + 0.
-3
0 + -11 + 7 + -4 + 7
-1
Calculate -7 + 5 - (-4 - -1) - -5.
6
What is 12 - (1 + 1 + 0) - 5?
5
Calculate (-3 - -2) + 0 + 3.
2
What is the value of 7 + -2 + 0 + -2?
3
(-1 - -3) + 4 - (28 - 26)
4
Evaluate -7 - (-8 + 6 + -2 + 0).
-3
Calculate -3 + (-7 - (4 - (29 - 7))).
8
Calculate -3 - -3 - (1 - 5).
4
(-10 + 6 - -4) + -5
-5
3 + (-2 + 4 - 4)
1
What is 1 + 6 + -3 + -3?
1
What is 10 + -8 - (-1 - -6)?
-3
Evaluate 1 + (5 - (-3 - -12)) + 0.
-3
Calculate (1 - -2 - 1) + 0 - 5.
-3
What is 6 + (-2 - 4) + 1?
1
Evaluate (2 + -2 - -4) + -1.
3
What is the value of -14 - -10 - (-6 + -1)?
3
-8 + 6 - (-7 + -1 + 2)
4
What is 0 + -7 + (14 - 16) + 7?
-2
What is -1 - (-17 + 3 + 7)?
6
14 - 5 - (6 + 1)
2
Evaluate -2 + (-2 + -3 - -6).
-1
What is -17 + 12 + -4 - -7?
-2
Calculate 5 + (-5 - -6 - 2 - 3).
1
(2 + 2 - -2) + -1
5
What is the value of (-3 - -4) + 2 + -1 + -5?
-3
What is the value of 0 + 4 + (-9 - -6)?
1
-8 + (0 - 3) + 6
-5
Evaluate (-5 - -7) + 4 + -2 + -4.
0
Evaluate 10 + -4 + -20 - -10.
-4
What is (-1 + (5 - 6) - -1) + 0?
-1
What is -8 - (7 + (-1 - 6))?
-8
Calculate -11 + 8 + -3 - (-3 + 0).
-3
(2 - 10) + 16 + -6
2
What is the value of 7 + (-5 - -1) + (4 - 4)?
3
Calculate (-1 - -1) + -13 + 16.
3
What is -4 - (-2 - 2) - -1?
1
What is 2 + (-7 - -5) + -3?
-3
Evaluate 6 + -4 - 4 - -5.
3
What is (1 - (5 - 3) - -2) + 5?
6
What is -15 + 19 - (